{"id":20,"date":"2023-12-07T20:49:24","date_gmt":"2023-12-07T23:49:24","guid":{"rendered":"https:\/\/codigointeligente.com.br\/loja\/?post_type=product&#038;p=20"},"modified":"2024-01-05T14:56:47","modified_gmt":"2024-01-05T17:56:47","slug":"kit-mega-acesso","status":"publish","type":"product","link":"https:\/\/codigointeligente.com.br\/loja\/produto\/kit-mega-acesso\/","title":{"rendered":"Kit Controle de Acesso &#8211; ATMega 2560"},"content":{"rendered":"<p><strong>Especifica\u00e7\u00f5es da placa com ATMega 2560:<\/strong><\/p>\n<ul>\n<li>Clock de opera\u00e7\u00e3o: 16Mhz<\/li>\n<li>Tens\u00e3o de opera\u00e7\u00e3o: 5V<\/li>\n<li>Entradas\/sa\u00eddas digitais: 54<\/li>\n<li>Portas seriais (RX\/TX): 4 canais<\/li>\n<li>Entradas anal\u00f3gicas: 16<\/li>\n<li>Mem\u00f3ria FLASH\u00a0 (programas): 256 KB<\/li>\n<li>Mem\u00f3ria RAM (vol\u00e1til): 8 KB<\/li>\n<li>Mem\u00f3ria EEPROM (n\u00e3o vol\u00e1til): 4KB<\/li>\n<\/ul>\n<p>&nbsp;<\/p>\n<p><strong>Especifica\u00e7\u00f5es do M\u00f3dulo LCD (COM TOUCH):<\/strong><\/p>\n<ul>\n<li>LCD TFT 3.5 polegadas<\/li>\n<li>Resolu\u00e7\u00e3o 400 x 240<\/li>\n<li>Touch: SIM<\/li>\n<li>Cor: verde<\/li>\n<li>Comunica\u00e7\u00e3o: SPI<\/li>\n<li>Driver: ILI9327_8<\/li>\n<li>Pinos LCD: 38, 39, 40, 41<\/li>\n<li>Pinos TOUCH: 6, 5, 4, 3, 2<\/li>\n<li>Bibliotecas: UTFT-Master e Utouch (links abaixo)<\/li>\n<li>https:\/\/www.codigointeligente.com.br\/wp-content\/uploads\/2023\/12\/BIBLIOTECAS.zip<\/li>\n<li>https:\/\/www.codigointeligente.com.br\/wp-content\/uploads\/2023\/12\/EXEMPLO_LCD.zip<\/li>\n<\/ul>\n<p>&nbsp;<\/p>\n<p><strong>Especifica\u00e7\u00f5es do M\u00f3dulo RFID:<\/strong><\/p>\n<ul>\n<li>Modelo RC522<\/li>\n<li>Acompanha 1 cart\u00e3o e 1 chaveiro<\/li>\n<li>Comunica\u00e7\u00e3o: SPI<\/li>\n<li>Biblioteca: MFRC522 (Baixar pela Interface do Arduino)<\/li>\n<li>https:\/\/www.codigointeligente.com.br\/wp-content\/uploads\/2023\/12\/EXEMPLO_RFID.zip<\/li>\n<\/ul>\n<p>&nbsp;<\/p>\n<p><strong>Especifica\u00e7\u00f5es do M\u00f3dulo Rel\u00e9:<\/strong><\/p>\n<ul>\n<li>Quantidade de rel\u00e9s: 2<\/li>\n<li>Marca dos rel\u00e9s: SONGLE<\/li>\n<li>Modelo SRD-05VDC<\/li>\n<li>Fotoacopladores: sim<\/li>\n<li>Acionamento: estado l\u00f3gico baixo (LOW)<\/li>\n<\/ul>\n","protected":false},"excerpt":{"rendered":"<p><strong>Este \u00e9 o Kit de Controle de Acesso, composto por:<\/strong><\/p>\n<ul>\n<li>Placa compat\u00edvel com ATMega 2560<\/li>\n<li>M\u00f3dulo LCD TFT 3.5 polegadas<\/li>\n<li>M\u00f3dulo RFID<\/li>\n<li>M\u00f3dulo com 2 rel\u00e9s eletromec\u00e2nicos<\/li>\n<li>Buzzer<\/li>\n<\/ul>\n","protected":false},"featured_media":908,"comment_status":"open","ping_status":"closed","template":"","meta":[],"product_brand":[],"product_cat":[29],"product_tag":[],"class_list":{"0":"post-20","1":"product","2":"type-product","3":"status-publish","4":"has-post-thumbnail","6":"product_cat-kit-arduino-mega","8":"first","9":"instock","10":"sale","11":"shipping-taxable","12":"purchasable","13":"product-type-simple"},"_links":{"self":[{"href":"https:\/\/codigointeligente.com.br\/loja\/wp-json\/wp\/v2\/product\/20","targetHints":{"allow":["GET"]}}],"collection":[{"href":"https:\/\/codigointeligente.com.br\/loja\/wp-json\/wp\/v2\/product"}],"about":[{"href":"https:\/\/codigointeligente.com.br\/loja\/wp-json\/wp\/v2\/types\/product"}],"replies":[{"embeddable":true,"href":"https:\/\/codigointeligente.com.br\/loja\/wp-json\/wp\/v2\/comments?post=20"}],"wp:featuredmedia":[{"embeddable":true,"href":"https:\/\/codigointeligente.com.br\/loja\/wp-json\/wp\/v2\/media\/908"}],"wp:attachment":[{"href":"https:\/\/codigointeligente.com.br\/loja\/wp-json\/wp\/v2\/media?parent=20"}],"wp:term":[{"taxonomy":"product_brand","embeddable":true,"href":"https:\/\/codigointeligente.com.br\/loja\/wp-json\/wp\/v2\/product_brand?post=20"},{"taxonomy":"product_cat","embeddable":true,"href":"https:\/\/codigointeligente.com.br\/loja\/wp-json\/wp\/v2\/product_cat?post=20"},{"taxonomy":"product_tag","embeddable":true,"href":"https:\/\/codigointeligente.com.br\/loja\/wp-json\/wp\/v2\/product_tag?post=20"}],"curies":[{"name":"wp","href":"https:\/\/api.w.org\/{rel}","templated":true}]}}